Let v(r) = -r + y - 39 + 8 + 18. Give v(-9).
11
Let k(a) = -10*a - 37. Suppose 183*n + 2088 = -27*n - 51*n. Calculate k(n).
43
Let a(x) = -141*x + x**3 - 28 - 130*x - 150*x + 476*x - 29*x**2. What is a(27)?
-1
Suppose 8 = 5*q + 48. Let a(o) = 73*o + 0 + 0 - 114*o - 1 - o**2 + 31*o - 2. Determine a(q).
13
Let a(t) = -t**3 + 4*t**2 - 5*t + 3. Suppose 6*n - 3*n - 5 = -5*k, 0 = 4*n - 4*k - 28. Suppose v = -n*v + 3*v. Suppose 3*m + 6*m - 27 = v. Give a(m).
-3
Let o(f) = f**3 + 10*f**2 - 25*f + 5. Let k be (-162)/14 - 270/630. Calculate o(k).
17
Let z be 1/4 + (-14)/(-8). Let m(v) = -9*v - 8. Let p(c) = -48*c - 41. Let t(b) = 22*m(b) - 4*p(b). Let k(h) = -h - 2. Let y(g) = 5*k(g) - t(g). Determine y(z).
4
Let u(t) = t**2 - 271*t + 0*t**2 + 1 - 272*t + 825*t - 270*t. Calculate u(-11).
-10
Let l(p) = p**2 - 8*p + 1. Let u(m) = m + 1. Let c be u(-5). Let j be 2586/(-66) + c/(-22). Let q = j + 44. Calculate l(q).
-14
Let t(y) = -y**2 + y - 1. Let h(j) = 5*j**2 - 9*j + 2. Let f(k) = h(k) + 4*t(k). Suppose 60 - 28 = 4*g. Determine f(g).
22
Let q be 22620/325 + 6/(-10). Let l(j) = -76 - q + 146 - 4*j. Give l(1).
-3
Let a(f) = -f + 8. Let o be ((-10)/(-45) - (-94)/(-18)) + 5. Let y(u) = -u**3 - 2*u**2 - 2*u + 13. Let s be y(o). Give a(s).
-5
Let w be (-3272)/(-164) + 48/984. Let b(v) = v**3 - 19*v**2 - 21*v + 23. Calculate b(w).
3
Suppose 7*y + 22 - 176 = 0. Suppose y*u = 27*u + 10. Let j(p) = 4*p**3 - 3*p**2 + 0*p**3 + 1 - 2*p + 0*p**3 - 3*p**3. Determine j(u).
-15
Let h(y) = -7*y**3 - 4*y**2 + 14*y - 2. Let x(t) = -10*t**3 - 5*t**2 + 20*t - 3. Let u(b) = 7*h(b) - 5*x(b). Give u(4).
9
Suppose -3*r - 5*j = -22, -4*r + 3*r + 5*j + 34 = 0. Let y(m) = 3 - 7*m + 3 - r*m**2 + 7 - 5 + 13*m**2. What is y(-7)?
8
Let d(y) = 6*y - 99. Let z be d(17). Let s(c) = -290*c - c**z + 575*c - 1 - 283*c. Calculate s(-2).
3
Let n(k) = k**3 - 12*k**2 + 13*k + 12. Let z = -3268 + 3278. Determine n(z).
-58
Let g be (-24)/14 + (-8)/28 - 0. Let h be g*(-35)/(-20)*-6. Let t(q) = -q + 25. Let n be t(h). Let c(x) = -x**3 + 3*x**2 + x + 3. What is c(n)?
-9
Let r(g) = 84*g - 34. Let j(m) = -54*m + 23. Let f(b) = 8*j(b) + 5*r(b). What is f(4)?
-34
Let y(m) = 3*m + 41. Let r(h) = -13*h**2 - 88*h - 126. Let o be r(-5). What is y(o)?
8
Let v(g) = 7*g. Let q = 343 + -315. Let m be ((q - 7)/(-7))/(-3). Determine v(m).
7
Let x be -2*(-3 - 0)/6. Let f(w) = -112*w + 2*w**3 + 2*w**3 + 112*w + 16*w**3 - w**2. Calculate f(x).
19
Let a be -18 + -9 + 19 + 5. Let j(l) = 46*l + 6. Give j(a).
-132
Let d(m) = m + 16. Let z be 1*4/(-34) - ((-39312)/476)/(-12). Give d(z).
9
Let d(q) be the third derivative of 23*q**5/60 + q**4/24 + 2*q**3/3 + 219*q**2 + 4. Calculate d(-2).
94
Let d(n) = -n**2 - 10. Let o(g) = -21*g**2 - 97*g - 45. Let l be o(-4). Give d(l).
-59
Suppose -2*z + 51 = 5*q, 4*z - 30 = 2. Let i(u) = 8*u - 1 - 3 + 5 - u**2. Calculate i(q).
8
Let z = 759 + -754. Suppose -5*p - 15 = z*g, -9*g + p = -8*g - 5. Let n(v) = 15*v**3 - v**2 + 1. Calculate n(g).
15
Let j be 6/(-8)*((-8)/(-9))/(8/12). Let k(g) = -105*g - 103. Give k(j).
2
Let u(f) = -28*f + 503. Let g be (-1752)/(-96) - (3 - (-44)/(-16)). Determine u(g).
-1
Suppose 5*h = 11*h - 102. Let y(w) = -h*w + 13*w - 3 - 4 + 2 - 2. What is y(-4)?
9
Let r = -44 - -41. Let m be -2*(15/r - -3). Suppose 0 = -m*c + 2 - 14, 0 = 4*u - 4*c + 4. Let y(h) = -h**2 - 3*h + 2. Determine y(u).
-2
Let d = -14 + 8. Let v = 11 + -9. Let q(z) = -9*z + 6*z + 5*z + 5*z**2 + z**3 + z**v + 4. Calculate q(d).
-8
Let b(f) = 89*f + 3. Let o be b(1). Suppose -3*l - 2*r + 283 = 0, -l = -2*r - 61 - 28. Let w(m) = 4 + o*m - l*m + 5. Give w(5).
4
Let j be -6 - (-17)/(136/24) - 61/(-20). Let g(k) be the second derivative of 5/12*k**4 - 1/6*k**3 + 0 + 8*k + j*k**5 - 3*k**2. What is g(-5)?
-1
Let q(w) = -275*w**2 + 278*w**2 - 15*w + 2 - 3. Let o(r) = 4*r**2 - 14*r - 1. Let m(x) = 2*o(x) - 3*q(x). Let z be m(17). Let u(j) = 6*j + 1. Determine u(z).
7
Let b(u) = -56*u - 9. Let j(m) = -304*m - 43. Let v(f) = -11*b(f) + 2*j(f). What is v(-4)?
-19
Let t(g) be the second derivative of g**4/12 - 5*g**3/6 + 13*g**2/2 - 12131*g. Give t(9).
49
Suppose -370*f + 338*f = 0. Suppose -x = -r - 3, -4*r = x - 0 - 3. Let b(v) = 2 + 0*v**2 - 3*v - v**x - v**2 + 2*v. What is b(f)?
2
Let w(m) = m**3 + m + 6. Let d(j) = 3*j**3 + 3*j + 14. Let h(g) = 2*d(g) - 5*w(g). Suppose c - 18*c = -34. What is h(c)?
8
Let f(j) = -4*j**3 - 4 + 4*j + 2*j**3 - 4*j - 122*j**2 + 126*j**2. Determine f(2).
-4
Suppose -w - 4*r + 6 + 12 = 0, r = w - 3. Suppose 0 = 5*h - w - 9. Let d be h/33*-90 + (-4)/(-22). Let f(p) = p + 4. Determine f(d).
-4
Suppose -8*c = -2*c - 18. Let m(z) = -z**2 + 8*z - 3. Let l be m(7). Let s(h) = -l*h**2 + 4*h**c - h**3 + 3*h - 2*h**3 + h. Calculate s(3).
3
Suppose -17*d - 69*d + 114 = -29*d. Let r(p) = 4*p - 2*p + 0 - 2 - 8*p**2. Calculate r(d).
-30
Let b(p) = 2*p**2 - 6*p + 29. Let r(a) = -a**2 - 5*a + 13. Let t be r(-6). What is b(t)?
85
Suppose 0 = -5*u + 4*v + 27, 2*u = 4*v + 4 + 2. Let t(s) = 10*s**2 - 8*s + 3. Let d(n) = -18*n**2 + 16*n - 7. Let k(m) = u*t(m) + 4*d(m). What is k(5)?
-17
Let l(h) = -5*h**2 + 24*h - 11. Let c(v) = -v**2 + 6*v - 3. Let t = 56 + -30. Let y = t - 35. Let w(s) = y*c(s) + 2*l(s). Give w(-6).
5
Let t be (-2 - ((-12)/8 + 0))/((-2)/16). Let g(m) = -m**3 + 7*m**2 - 6*m - 21. What is g(t)?
3
Suppose 11*x - 5 - 39 = 0. Suppose j + 2*c = 0, j = -x*c + 15 - 5. Let r(w) = -3*w - 12. Determine r(j).
18
Let z = -22 - -23. Let g(r) = -z + 22*r + 6*r - 2*r. Let n = 104 - 103. Give g(n).
25
Let q(w) = w**2 - 6*w - 71. Let o be -1*(0 - -9)*39/((-702)/(-12)). Determine q(o).
1
Let c(d) be the first derivative of d**4/4 + 8*d**3/3 + 9*d**2/2 - 7*d - 891. Give c(-7).
-21
Suppose -6*s = 5*s - 11. Suppose 0 = 3*l + g + 19, -g = -2*l - 11 - 5. Let p = s + l. Let f(r) = -r**3 - 6*r**2 - 3*r - 8. What is f(p)?
10
Let d(v) = 1. Let l(k) = -3*k + 7. Let x(m) = d(m) + l(m). Let u be ((-69)/115)/(2/(-20)). What is x(u)?
-10
Let i(q) be the third derivative of q**4/8 + 19*q**3/3 + 4216*q**2. What is i(-12)?
2
Let p(s) be the second derivative of 2*s**3/3 + 3*s**2 - 658*s. Let l = -5 + 1. What is p(l)?
-10
Let n(z) be the second derivative of -z**4/12 - 5*z**3/6 + 9*z**2/2 + 1073*z. Calculate n(-11).
-57
Let w(p) = -2*p**2 + 7*p + 5. Suppose 6*z - 24 = 7*z + 4*u, -5*z + 2*u = 186. Let o be 9 - z/(-16)*(-32)/(-24). Give w(o).
-25
Let z(v) = -2*v - 2. Let c be z(-2). Let k(d) = 4949*d - d**2 + 2*d**3 - 9906*d + 4956*d. Calculate k(c).
10
Let c(v) = -20*v**2 - 68*v - 11. Let m(d) = 7*d**2 + 24*d + 4. Let i(y) = 6*c(y) + 17*m(y). Calculate i(5).
-23
Suppose -4*x + 6*x - 23 = -5*a, -x = -2*a - 16. Let l(z) = -z**3 + 15*z**2 - 15*z + 10. Determine l(x).
-4
Let l be 9*(-1 + 2)*7/21. Suppose -2*b - 2*b = l*t - 30, -2*t = 2*b - 20. Let a(i) = i**3 - 10*i**2 - i - 4. Give a(t).
-14
Let y = 1967 - 1973. Let b(d) = d. Let q(c) = -11*c. Let m(r) = 18*b(r) + 2*q(r). Calculate m(y).
24
Let j(c) be the second derivative of 0*c**5 + 0 - 1/45*c**6 - 18*c - 1/2*c**4 + 0*c**3 + 0*c**2. Let s(h) be the third derivative of j(h). What is s(-1)?
16
Let v(z) be the first derivative of z**4/24 + z**3/2 - z**2/2 - 14*z + 30. Let h(g) be the second derivative of v(g). Determine h(-3).
0
Let c(p) = 7*p**2 - 22*p + 5. Let i be c(3). Let u(s) = 4*s**2 - 6*s + 51 - 3*s**i - 42. Determine u(5).
4
Suppose -4 = 5*k - h + 3*h, 10 = -3*k - 5*h. Suppose k*z + 2*z = -v, -v - z = 0. Let f(y) be the first derivative of -y**2/2 + 16*y - 17. Calculate f(v).
16
Suppose 5 + 10 = 5*f. Suppose -4*k - 5 = f. Let v(u) be the second derivative of -3*u**5/20 - u**4/4 - u**3/2 - 3*u**2/2 + u + 43. Give v(k).
15
Let s(c) = -58*c + 1. Let i(a) = 1617*a + 161. Let j(f) = -i(f) - 28*s(f). Give j(26).
-7
Let c(g) = -2*g**2 - 11*g - 1. Let d(t) = 11*t**2 + 51*t - 16. Let a(w) = -6*c(w) - d(w). Give a(-12).
-14
Let d(x) = 3*x**3 + 9*x**2 - 4*x - 1. Let v(u) = 7*u**3 + 18*u**2 - 11*u - 4. Let h(g) = 5*d(g) - 2*v(g). Suppose 0 = -4*s + 7*s + 6, s + 11 = -l. Give h(l).
-15
Let w(c) = -37*c + 15. Suppose 0 = q + 14*q + 54 - 9. What is w(q)?
126
Let k(c) = c**2 + 11*c + 22. Suppose -3*z - 34 - 13 = 4*h, 4*z = -2*h - 46. What is k(z)?
4
Let o(q) = -1929*q + 3836*q - 12 - q**2 - 1922*q. Calculate o(-15).
-12
Let o(y) = -y**2 - 4*y - 6. Let r = -42 - -46.